+ 12. Let b be k(-7). Calculate the remainder when i(-5) is divided by -1 - (-44)/(b - 1).
6
Suppose -2*u = u - 42. Let r = -129530 + 129766. Calculate the remainder when r is divided by u.
12
What is the remainder when (8/(-6))/(432/(-191484)) is divided by 63?
24
Let n be (-3)/(-3) - (-7 + 5). Suppose n*x - 4*f - 405 = 0, 2*f - 290 = -2*x - 2*f. Calculate the remainder when x is divided by 37.
28
Suppose -3*i + 768 = 3*d, -6*d - i = -3*d - 756. Calculate the remainder when d is divided by 171.
79
Let x = -1768 + 1786. What is the remainder when 2595/21 + 8/(-14) is divided by x?
15
Suppose -68*n = -50*n + 216. Calculate the remainder when 131 + 2/(-4) + n/8 is divided by 20.
9
Let o = 233 + -102. Let d = o + -97. Let f(l) = -6*l + 2. Calculate the remainder when d is divided by f(-3).
14
Suppose -4*s = 2*o - 114, -2*o + o = 4*s - 115. What is the remainder when (14/(-35))/(((-38)/(-205))/(-19)) is divided by s?
12
Let u = 44 - -28. Suppose -6*j + u = 3*j. Calculate the remainder when 11 is divided by j.
3
Suppose -832*x + 1688*x - 6120 = 839*x. What is the remainder when x is divided by 20?
0
Let p(w) = 33*w - 102. Let g be p(4). Let k(u) = u**3 - 30*u**2 - u + 71. Calculate the remainder when k(g) is divided by (9/(-6))/(4/(-24)).
5
Let f = -174 + 190. Calculate the remainder when 25 is divided by 25/(-200) + 162/f.
5
Let h(d) = 11*d + 39*d**2 + d - 35 - 79*d**2 + 42*d**2. What is the remainder when h(5) is divided by ((-7)/2)/(1/(-2))?
5
Suppose 3*l - 3*r = 3249, 4*l - 43*r - 4284 = -47*r. Calculate the remainder when 1078 is divided by l.
1
Let l be 5/(-1) + 3 + 10*1. Suppose 6*m - 9*m = 3*m. Suppose l*i - 39 - 145 = m. Calculate the remainder when 44 is divided by i.
21
Let z(h) = 3*h**3 - 8*h**2 + 10*h + 5. Let i be z(7). Suppose -24 + i = 16*r. What is the remainder when 213 is divided by r?
41
Suppose -8*h = -60 - 420. Calculate the remainder when (-2)/(h/(-18)) - 314/(-10) is divided by 18.
14
Let d = 277 - 218. Let t = d + -20. Suppose 4*f - 656 = -200. What is the remainder when f is divided by t?
36
Let y be (0 + 1)*11/(22/96). Suppose 4*r - y = -2*o, 0*r - 3*r = o - 38. Let a(z) = 4*z - 13. What is the remainder when 169 is divided by a(r)?
40
Let d(x) = -x**3 + 38*x**2 - 6*x - 72. What is the remainder when d(37) is divided by 15?
10
Let d(z) = z**2 + 5*z - 76. Let r be 200/60 + (-2)/6. Let i(g) = 3*g + 13. Calculate the remainder when i(r) is divided by d(-12).
6
Let a(p) = p - 3. Let h be a(3). Suppose -v - v + 34 = h. Suppose 114*l - 113*l = 32. Calculate the remainder when l is divided by v.
15
What is the remainder when 839 is divided by (-14 - (-7 + (2 - -6)))*1/(-1)?
14
Suppose -88*t + 2684 + 11179 = 927. What is the remainder when 541 is divided by t?
100
Suppose -5*i + 390 = 5*c, 376 = 5*i - 5*c + 3*c. Calculate the remainder when i is divided by 58.
18
Suppose 4*h + 5*l = -121, -3*h + 28 = -5*l + 110. Let v = h - -55. Suppose -5*b - 16*b - 189 = -2226. What is the remainder when b is divided by v?
19
Suppose -l = 34 - 40. Suppose 0 = 2*z - 98 - l. Let y = z + 4. What is the remainder when y is divided by 29?
27
Suppose 3*k + 17*p = 18*p + 69, -3*p - 111 = -5*k. Calculate the remainder when 1361 is divided by k.
17
What is the remainder when 2432 is divided by -22 + (-851)/(299/(-13))?
2
Let i(a) = -12*a - 150. Calculate the remainder when (6 - (-9)/3)/1 is divided by i(-13).
3
Let a(n) = n**3 + 10*n**2 - 14*n - 3. What is the remainder when -5 - (16/48 + (-482)/6) is divided by a(-11)?
15
Let i = 13149 + -13082. Calculate the remainder when 3012 is divided by i.
64
Suppose -13 = 10*k - 43. Let n be 21/(k*1/4). What is the remainder when 62 is divided by (-7)/(n/(-9))*4?
8
Let t = 20 - 24. What is the remainder when (3 - 2)*2256/48 is divided by 24*((-10)/t + -2)?
11
Let r(i) = i**3 - 2*i**2 - 4*i + 8. Let o = 42 + -21. Suppose 37 = 4*g + o. What is the remainder when 95 is divided by r(g)?
23
What is the remainder when 500 is divided by ((-8)/18)/((-8)/18*(-31)/(-186))?
2
Let z be 126/8 + (9/1)/36. Let v(i) = 3*i**2 - 23*i - 45. Calculate the remainder when v(z) is divided by 91.
82
Suppose 3*i - 2*r + 476 = -0*i, -3*i + 5*r - 470 = 0. Let q = i - -175. What is the remainder when q is divided by 3?
0
What is the remainder when 1836 is divided by -2 - (3 + -11) - (-6811)/139?
21
Let r = 3940 + -3889. What is the remainder when 95 is divided by r?
44
Suppose 123*m - 103775 = 47638. Calculate the remainder when m is divided by 51.
7
Suppose 5*t + 33 = 43. Suppose 6*n = -t - 4. Let u = 21 + n. Calculate the remainder when 78 is divided by u.
18
Suppose -15*z - 103*z + 63445 = -17267. What is the remainder when z is divided by 116?
104
Let b = -37911 + 38457. Calculate the remainder when 1106 is divided by b.
14
Let v = 54132 - 54078. Suppose -4*l = -2*q - l, l + 20 = 4*q. Calculate the remainder when v is divided by q.
0
Let s = 15 + -8. Suppose -o - 27 = -3*t, -o - 33 = -0*o - 5*t. What is the remainder when 5 + 8/(-1) - o is divided by s?
1
Let t = 3706 + -3704. Calculate the remainder when 52 is divided by t.
0
Suppose 1 = 3*d - 4*a, 13 = 4*d + 133*a - 136*a. Calculate the remainder when 98 is divided by d.
0
Let m(l) = -2*l**2 + 307*l - 29. Calculate the remainder when m(41) is divided by 20.
16
What is the remainder when 162 is divided by (-15 + 11)/((-1)/1)?
2
What is the remainder when 196 is divided by (-3100)/(-28) + 2/7?
85
Suppose 4*r = 3*b - 110, 3*r - 450 = 4*b - 606. Let g = -107 - -264. Calculate the remainder when g is divided by b.
31
Let a(p) = 13*p + 47. Let c be a(6). Suppose 4*s + 5*i = c, 9*s - 5*i + 75 = 11*s. What is the remainder when (-1*4)/((-4)/46) is divided by s?
21
Suppose -7238 = -46*n - n. Suppose -187*j = -n*j - 1023. What is the remainder when 123 is divided by j?
30
Let x(q) = -26*q**2 - 3251*q - 121. What is the remainder when 11950 is divided by x(-125)?
2
Let p = -675 + 1213. Calculate the remainder when p/269 + 10/(-4)*-166 is divided by 21.
18
Let t = 132 + -130. What is the remainder when (22/55)/(t/785) is divided by 32?
29
Let j be 4*(6/(-12) - 0). Calculate the remainder when 221 is divided by (j/(-1))/((-18)/(-333)).
36
Suppose 5*i - 3*n - 13 = 45, -2*n - 2 = 0. Suppose 0 = -i*c + 12*c - 22. Calculate the remainder when 130 is divided by c.
20
Let u(p) = 210*p - 16. What is the remainder when 576 is divided by u(1)?
188
Suppose n - 575 = 5*p, -1632*p + 535 = n - 1627*p. What is the remainder when n is divided by 96?
75
Let y = 209 - 198. Suppose y*o - 10*o = -5*j + 267, 0 = j - o - 57. What is the remainder when j is divided by 28?
26
Suppose 5*z + 2*r = 64, -10 = -16*r + 11*r. What is the remainder when ((-96)/7)/(z/(-126)) is divided by 50?
44
Let l(p) = -143*p - 34. Let n be l(-4). Suppose 4*w + 2*d - 420 = 3*d, 5*w + 2*d - n = 0. Calculate the remainder when w is divided by 29.
19
Suppose 10*q - q = 171. Suppose 0 = 26*j - 704 - 258. Calculate the remainder when j is divided by q.
18
Suppose 0 = -5*c - a + 450 - 9, -c - 2*a + 90 = 0. Let u = -18783 - -18798. Calculate the remainder when c is divided by u.
13
Let h = -99 - -100. What is the remainder when 15 is divided by -4*(-3)/h + 0/(-5)?
3
Suppose -9*s + 76 = 22. Suppose 0 = 8*g - 11*g + r + 110, 0 = 2*r + 10. What is the remainder when g is divided by s?
5
Let x(z) = 8*z**2 + 71*z + 510. What is the remainder when x(-12) is divided by 71?
29
Let y = 55 + -59. What is the remainder when (-170)/((y + 5)*-2) is divided by 15?
10
Let o(l) = 4620*l - 41427. Calculate the remainder when o(9) is divided by (-4)/(-14) + (-374)/(-14).
18
Let k(b) = 3*b**3 + 48*b**2 + 40*b - 60. Calculate the remainder when k(-14) is divided by 86.
40
Let z = -8 + 12. Let a(c) = 9*c - 18 + 19*c**2 - 4*c - 6*c + c**3. What is the remainder when z is divided by a(-19)?
0
Suppose 0 = -3*o - 4*h + 71, -19 = -2*o + h + 10. Suppose -4*r + 1701 = o*r. Calculate the remainder when r is divided by ((-18)/8)/(9/(-168)).
39
Suppose -8*g + 25*g = 102. Let d = 59 - -28. What is the remainder when d is divided by g?
3
Let t = 8 + 18. What is the remainder when t is divided by (1 - 36)*(2088/(-252) - -8)?
6
Let c(l) be the third derivative of l**5/20 + 5*l**4/8 + l**3 - 52*l**2. What is the remainder when 117 is divided by c(-6)?
21
Let b(y) = -155*y + 471